{"id":3360,"date":"2018-10-13T21:49:50","date_gmt":"2018-10-13T19:49:50","guid":{"rendered":"http:\/\/www.ufftour.de\/?page_id=3360"},"modified":"2018-10-20T12:39:12","modified_gmt":"2018-10-20T10:39:12","slug":"ausbau-fernreisemobil-grundueberlegungen","status":"publish","type":"page","link":"https:\/\/www.ufftour.de\/?page_id=3360","title":{"rendered":"Ausbau Fernreisemobil &#8211; Grund\u00fcberlegungen"},"content":{"rendered":"\n<p>Ein Reisefahrzeug soll es werden. Zu Beginn stehen nat\u00fcrlich die grunds\u00e4tzlichen \u00dcberlegungen: Wie gro\u00df (Gel\u00e4ndewagen, VW-Bus\/Sprinter, LKW), wie neu, wie teuer.<\/p>\n\n\n\n<p><strong>Aber die wichtigste \u00dcberlegung ist: Was will ich denn eigentlich damit machen?<\/strong><\/p>\n\n\n\n<p>Es macht einen gro\u00dfen Unterschied, ob ich ein Fahrzeug plane, mit dem ich monate- oder gar jahrelang dauerhaft reisen m\u00f6chte oder ob es mehr oder weniger um ein \"Urlaubsfahrzeug\" geht (wobei der \"Urlaub\" gerne auch mal etwas l\u00e4nger dauern kann). Plane ich f\u00fcr einen bestimmten Zweck (z. B. eine Afrika-Durchquerung w\u00e4hrend eines Sabbatjahres) oder m\u00f6chte ich dauerhaft in dem Fahrzeug leben.<\/p>\n\n\n\n<p>Auch die geplanten Reiseziele haben nat\u00fcrlich Einfluss: Auf die Ausstattung und die \"Zuverl\u00e4ssigkeit\" der verwendeten Technik.<\/p>\n\n\n\n<p>Nat\u00fcrlich spielen auch die eigenen Bed\u00fcrfnisse eine sehr gro\u00dfe Rolle. Alleine dieses Thema verbietet es deswegen schon, das Auto eines anderen \"nachzubauen\". Die Wahrscheinlichkeit, dass all die genannten Punkte incl. der pers\u00f6nlichen Bed\u00fcrfnisse, in etwa deckungsgleich mit einem anderen Reisenden sind, d\u00fcrfte relativ gering sein.<\/p>\n\n\n\n<p><strong>Unsere konkreten \u00dcberlegungen<\/strong><\/p>\n\n\n\n<p>Nachdem wir einige Jahre mit einem Gel\u00e4ndewagen im Rahmen des gew\u00f6hnlichen Jahresurlaubes gereist sind, entstand bei uns der Wunsch mal irgendwann \"ohne Zeitbegrenzung\" und frei von \u00e4u\u00dferen Zw\u00e4ngen, \"open end\" zu reisen. Gleich vorweg: \"ohne Zeitbegrenzung\" und \"frei von \u00e4u\u00dferen Zw\u00e4ngen\" ist Wunschdenken\u2026  \ud83d\ude09<\/p>\n\n\n\n<p>Relativ einfach war die Frage nach dem \"irgendwann\" zu beantworten: Da wir zwei schulpflichtige Kinder hatten, konnte die \"Open End\"-Reise erst starten, nachdem die beiden \"aus dem Gr\u00f6bsten raus sind\". Durch dieses Zeitfenster, dass etwas \u00fcber 10 Jahre betrug, blieb viel Zeit daf\u00fcr, sich Gedanken zu machen, ein Fahrzeug auszubauen und m\u00f6glichst viel Geld zu sparen, damit sich die Reisetr\u00e4ume auch erf\u00fcllen lassen.<\/p>\n\n\n\n<p>Von Anfang an war klar, dass uns unser Gel\u00e4ndewagen (ein Toyota HZJ78, das \"Buschtaxi\") f\u00fcr die gro\u00dfe Reise zu klein ist. Zu wenig Platz zum Leben (auf Langreisen spielt sich eben nicht immer alles drau\u00dfen ab), zu wenig Stauraum, t\u00e4glich m\u00fchseliges Hin- und Herr\u00e4umen. Wir wollten fahrzeugtechnisch aber auch nicht zu gro\u00df werden. Schlie\u00dflich kannten wir die Vorz\u00fcge eines Gel\u00e4ndewagens, mit dem man so ziemlich \"\u00fcberall\" hinfahren kann. Auch kleinste Wege lassen sich einfach mal ausprobieren. Was wir beim Umstieg auf ein gr\u00f6\u00dferes Fahrzeug nicht wollten war - was wir bei anderen Reisenden erlebt haben - dass mit dem gr\u00f6\u00dferen Fahrzeug quasi nicht mehr die Stra\u00dfe oder Hauptpiste verlassen wurde. Das war f\u00fcr uns ein No-Go.<\/p>\n\n\n\n<p>Da wir bezahlbar kein brauchbares Allrad-Fahrzeug in VW-Bus\/Sprinter-Gr\u00f6\u00dfe fanden, fiel die Entscheidung f\u00fcr einen \"kleinen\" LKW. Maximal 7,5to (wegen dem damals nicht vorhandenen LKW-F\u00fchrerschein) und ein m\u00f6glichst kleiner Koffer, damit das Auto auch klein, wendig und gel\u00e4ndeg\u00e4ngig bleibt. So kauften wir damals einen MAN G90 mit einem kleinen d\u00e4nischen Shelter.<\/p>\n\n\n\n<figure class=\"wp-block-image\"><img loading=\"lazy\" decoding=\"async\" width=\"960\" height=\"640\" src=\"https:\/\/www.ufftour.de\/wp-content\/uploads\/2018\/10\/A02-1.jpg\" alt=\"\" class=\"wp-image-3361\" srcset=\"https:\/\/www.ufftour.de\/wp-content\/uploads\/2018\/10\/A02-1.jpg 960w, https:\/\/www.ufftour.de\/wp-content\/uploads\/2018\/10\/A02-1-300x200.jpg 300w, https:\/\/www.ufftour.de\/wp-content\/uploads\/2018\/10\/A02-1-768x512.jpg 768w\" sizes=\"auto, (max-width: 960px) 100vw, 960px\" \/><figcaption>Der erste Plan: Ein VW-MAN G90 mit kleinem Shelter. Hochgel\u00e4ndeg\u00e4ngig, aber wenig Platz zum Leben.<\/figcaption><\/figure>\n\n\n\n<p>Noch vor dem Ausbau des kleinen Shelters kamen uns Zweifel - auch von Bekannten aus der Reiseszene befeuert - dass der Wohnraum evtl. doch zu klein f\u00fcr Langreisen sei. Also wurde der kleine Shelter wieder verkauft und ein gr\u00f6\u00dferer Shelter (der bekannte FM2 der Bundeswehr vom Hersteller Zeppelin) angeschafft und mit Hilfe eines gekauften Hilfsrahmen (Dreipunkt-Lagerung) auf den VW-MAN gesetzt. Dann starteten wir unseren Ausbau und haben in dieser Konstellation auch mehrere Reisen unternommen. Warum das letztlich f\u00fcr uns doch nicht das Optimum war und wir sp\u00e4ter ein gr\u00f6\u00dferes Fahrgestell unter unseren Koffer setzten, steht <a href=\"https:\/\/www.ufftour.de\/?p=3279\">hier<\/a>.<\/p>\n\n\n\n<p>Von Anfang an standen in unserem Lastenheft folgende Punkte, da wir langzeit und weltweit unterwegs sein wollten:<\/p>\n\n\n\n<ul class=\"wp-block-list\"><li>Einfache, robuste Technik<\/li><li>Umfangreiche Autarkie (Treibstoff, Wasser, Energie)<\/li><li>Weitreichende Redundanzen um Defekte\/Ausf\u00e4lle unterwegs besser verkraften zu k\u00f6nnen<\/li><li>Ausstattung um alle Kontinente und Klimazonen bereisen zu k\u00f6nnen<\/li><li>Gen\u00fcgend Stauraum<\/li><li>Ausreichend Platz, um auch l\u00e4ngere Zeit IM Fahrzeug leben zu k\u00f6nnen<\/li><\/ul>\n\n\n\n<p>&nbsp;<\/p>\n\n\n\n<p>Schauen wir uns diese Punkte etwas n\u00e4her an:<\/p>\n\n\n\n<p><strong>Einfache, robuste Technik<\/strong><\/p>\n\n\n\n<p>Stand heute (2018) halten wir aktuelle Fahrzeuge nicht f\u00fcr den weltweiten Einsatz geeignet. Das mag in 10 Jahren anders sein, weil sich diese Fahrzeuge aus Europa\/Japan\/USA  auch nach Asien und Afrika und S\u00fcdamerika ausgebreitet haben und sich dadurch vor Ort Spritqualit\u00e4t, Ersatzteile und Reparaturf\u00e4higkeiten entwickelt haben. Heute ist das aber definitiv nicht so. Dazu kommt die altgescheite Erkenntnis: \"Wo viel dran ist, kann auch viel kaputt gehen.\" Das ist einfach so. Und in wie weit sich die vielen elektronischen Gimmicks, die in heutigen Fahrzeugen stecken, mit sandiger W\u00fcste, extrem hoher Luftfeuchtigkeit in Zentralafrika oder eisiger K\u00e4lte in Sibieren vertragen, muss sich auch noch zeigen.<\/p>\n\n\n\n<figure class=\"wp-block-image\"><img loading=\"lazy\" decoding=\"async\" width=\"960\" height=\"540\" src=\"https:\/\/www.ufftour.de\/wp-content\/uploads\/2018\/10\/A02-2.jpg\" alt=\"\" class=\"wp-image-3362\" srcset=\"https:\/\/www.ufftour.de\/wp-content\/uploads\/2018\/10\/A02-2.jpg 960w, https:\/\/www.ufftour.de\/wp-content\/uploads\/2018\/10\/A02-2-300x169.jpg 300w, https:\/\/www.ufftour.de\/wp-content\/uploads\/2018\/10\/A02-2-768x432.jpg 768w\" sizes=\"auto, (max-width: 960px) 100vw, 960px\" \/><figcaption>Tankstelle in Tadschikistan. Sprit f\u00fcr moderne Motoren oder AdBlue - Fehlanzeige.<\/figcaption><\/figure>\n\n\n\n<p>&nbsp;<\/p>\n\n\n\n<p><strong>Umfangreiche Autarkie<\/strong><\/p>\n\n\n\n<p>Ja, ja, \"autark sein\". Ein vielstrapazierter Begriff (gerade von den Herstellern hochpreisiger Fahrzeuge). Doch wann ist man \"autark\" und wie lange?<br>\nGrunds\u00e4tzlich kann ein Fahrzeug (zumindest mit einem Verbrennermotor) nicht vollst\u00e4ndig autark sein, da man zumindest hin und wieder Treibstoff braucht. Auch Trinkwasser braucht man immer mal wieder, wenn man sich auch hier mit einer sinnvollen Wasseraufbereitung quasi Autarkie verschaffen kann. Bleiben noch Strom und Gas, wobei hier das Thema Strom deutlich einfacher zu l\u00f6sen ist. Unsere konkreten \u00dcberlegungen und Umsetzungen finden sich in unserem Energie-Konzept.<\/p>\n\n\n\n<figure class=\"wp-block-image\"><img loading=\"lazy\" decoding=\"async\" width=\"960\" height=\"540\" src=\"https:\/\/www.ufftour.de\/wp-content\/uploads\/2018\/10\/A02-3.jpg\" alt=\"\" class=\"wp-image-3363\" srcset=\"https:\/\/www.ufftour.de\/wp-content\/uploads\/2018\/10\/A02-3.jpg 960w, https:\/\/www.ufftour.de\/wp-content\/uploads\/2018\/10\/A02-3-300x169.jpg 300w, https:\/\/www.ufftour.de\/wp-content\/uploads\/2018\/10\/A02-3-768x432.jpg 768w\" sizes=\"auto, (max-width: 960px) 100vw, 960px\" \/><figcaption>Werkstattbesuch im Iran. Die Jungs sind fit, was alte Autos angeht. Aber OBD auslesen und Elektronikspielereien sind eher nicht ihr Spezialgebiet.<\/figcaption><\/figure>\n\n\n\n<p>&nbsp;<\/p>\n\n\n\n<p><strong>Weitreichende Redundanzen um Defekte\/Ausf\u00e4lle unterwegs besser verkraften zu k\u00f6nnen<\/strong><\/p>\n\n\n\n<p>Das Thema \"Redundanz\" (also zus\u00e4tzliche technische Ressourcen als Reserve vorzuhalten oder mehrere Wege vorzusehen, um Aufgaben zu l\u00f6sen), spielt je nach Einsatzort des Reisefahrzeugs eine nicht unwichtige Rolle. Nat\u00fcrlich kann man \"nicht alles doppelt mitnehmen\", aber wir halten es als sehr sinnvoll dieses Thema bei vielen Entscheidungen immer wieder im Hinterkopf zu haben. Schlimmstenfalls ist eine ausgefallene Heizung bei -30\u00b0C in Sibirien lebensbedrohlich. Aber so weit muss man gar nicht gehen. Alleine ein ausgefallener Solar-Laderegler kann einem sein gesamtes Energiekonzept \u00fcber den Haufen werfen. Der amazon-verw\u00f6hnte Europ\u00e4er wird sich wundern, wenn er bzw. versucht im Iran Ersatzteile f\u00fcr eine Thetford-Toilette zu kaufen. Oder in Tadschikistan auch nur Schrauben mit einigerma\u00dfen Festigkeit. Von passenden elektronischen Ger\u00e4ten wie Laderegler oder \u00e4hnlichem mal ganz abgesehen. Nat\u00fcrlich kann man nicht alles doppelt vorhalten, aber bei der Konzeption des Fahrzeuges sollte man immer den Ausfall einer wichtigen Komponente im Hinterkopf haben und einen Plan B vorsehen.<\/p>\n\n\n\n<figure class=\"wp-block-image\"><img loading=\"lazy\" decoding=\"async\" width=\"960\" height=\"540\" src=\"https:\/\/www.ufftour.de\/wp-content\/uploads\/2018\/10\/A02-4.jpg\" alt=\"\" class=\"wp-image-3364\" srcset=\"https:\/\/www.ufftour.de\/wp-content\/uploads\/2018\/10\/A02-4.jpg 960w, https:\/\/www.ufftour.de\/wp-content\/uploads\/2018\/10\/A02-4-300x169.jpg 300w, https:\/\/www.ufftour.de\/wp-content\/uploads\/2018\/10\/A02-4-768x432.jpg 768w\" sizes=\"auto, (max-width: 960px) 100vw, 960px\" \/><figcaption>Autoteile-Basar in Usbekistan. Hier gibt es alles, was man f\u00fcr alte Autos braucht. aber auch nur das.<\/figcaption><\/figure>\n\n\n\n<p>&nbsp;<\/p>\n\n\n\n<p><strong>Ausstattung um alle Kontinente und Klimazonen bereisen zu k\u00f6nnen<\/strong><\/p>\n\n\n\n<p>Bei Langzeitreisen bleibt es nicht aus, dass man auch mal \"zur falschen Zeit am falschen Ort\" ist. Manchmal sogar absichtlich. Aber \u00e4u\u00dfere Zw\u00e4nge (Visa-Dauer, nur im Hochsommer zu passierende P\u00e4sse o. \u00e4.) legen oft einen entsprechenden Zeitplan fest und mitunter ist dann man dadurch zu eher unpassenden Zeiten in anderen Gegenden unterwegs. Wer z. B. im Juni oder Juli schon mal Usbekistan durchreist hat (oder musste), wird verstehen was ich meine. Wochenlange Temperaturen von \u00fcber 40\u00b0C machen einem zu schaffen und f\u00fchren mitunter zu lustigen Effekten: z. B. dass das Wasser im Trinkwassertank zu hei\u00df ist, um es zu trinken oder sich die H\u00e4nde zu waschen. Hier gewinnen ausreichend K\u00fchlm\u00f6glichkeiten pl\u00f6tzlich deutlich an Wert\u2026<br>\nJetzt, da ich diese Zeilen schreibe, befinden wir uns gerade zu Winterbeginn unweit des Nordkap in Nordskandinavien. Diese - zugegeben etwas ungew\u00f6hnliche -  Tour (die meisten wollen ja eher ins Warme), stellt besondere Anforderungen an das Thema Heizung, Isolation, Schwitzwasser und Stromgewinnung (hier ist die Solarleistung n\u00e4mlich gerade ziemlich bescheiden und in wenigen Wochen wird sie gegen Null tendieren).<\/p>\n\n\n\n<figure class=\"wp-block-image\"><img loading=\"lazy\" decoding=\"async\" width=\"960\" height=\"540\" src=\"https:\/\/www.ufftour.de\/wp-content\/uploads\/2018\/10\/A02-7.jpg\" alt=\"\" class=\"wp-image-3371\" srcset=\"https:\/\/www.ufftour.de\/wp-content\/uploads\/2018\/10\/A02-7.jpg 960w, https:\/\/www.ufftour.de\/wp-content\/uploads\/2018\/10\/A02-7-300x169.jpg 300w, https:\/\/www.ufftour.de\/wp-content\/uploads\/2018\/10\/A02-7-768x432.jpg 768w\" sizes=\"auto, (max-width: 960px) 100vw, 960px\" \/><figcaption>Mehrere Wochen \u00fcber 40\u00b0C. Da wird man bei der K\u00fchlung erfinderisch: Abends eine Flasche Wasser eingefroren gibt am n\u00e4chsten Tag K\u00fchlung und langsam auftauend ein k\u00fchles Getr\u00e4nk.<\/figcaption><\/figure>\n\n\n\n<p>&nbsp;<\/p>\n\n\n\n<p><strong>Gen\u00fcgend Stauraum<\/strong><\/p>\n\n\n\n<p>Zu den Dingen, die man verstauen k\u00f6nnen muss (Lebensmittel, Kleidung, Ersatzteile, Zubeh\u00f6r, \u2026) kommt nat\u00fcrlich auch was an gerne dabei haben m\u00f6chte (z. B. Fotoausr\u00fcstung, Lesestoff, Angelausr\u00fcstung, \u2026). Bei Langzeitreisen kommt dazu, dass man von fast allem mehr braucht (Kleidung von ganz d\u00fcnn bis ganz dick, mehr Ersatzteile). Daf\u00fcr braucht man ausreichend Platz. Wer nat\u00fcrlich wenige weltliche Dinge braucht, ist hier im Vorteil. <\/p>\n\n\n\n<figure class=\"wp-block-image\"><img loading=\"lazy\" decoding=\"async\" width=\"960\" height=\"540\" src=\"https:\/\/www.ufftour.de\/wp-content\/uploads\/2018\/10\/A02-5.jpg\" alt=\"\" class=\"wp-image-3365\" srcset=\"https:\/\/www.ufftour.de\/wp-content\/uploads\/2018\/10\/A02-5.jpg 960w, https:\/\/www.ufftour.de\/wp-content\/uploads\/2018\/10\/A02-5-300x169.jpg 300w, https:\/\/www.ufftour.de\/wp-content\/uploads\/2018\/10\/A02-5-768x432.jpg 768w\" sizes=\"auto, (max-width: 960px) 100vw, 960px\" \/><figcaption>Auto laden vor einer langen Reise. Viele Dinge sollen mit. Die m\u00fcssen irgendwohin passen.<\/figcaption><\/figure>\n\n\n\n<p>&nbsp;<\/p>\n\n\n\n<p><strong>Ausreichend Platz, um auch l\u00e4ngere Zeit IM Fahrzeug leben zu k\u00f6nnen<\/strong><\/p>\n\n\n\n<p>Auch das ist bei Langreisen ein nicht zu untersch\u00e4tzender Punkt. \u00d6fters huscht mir ein kurzes L\u00e4cheln \u00fcbers Gesicht, wenn ich Foren so pauschale Aussagen lese, wie \"im Auto wird nur geschlafen, gelebt wird draussen\". Das mag bei einer Urlaubsreise noch gehen oder auch bei einer l\u00e4ngeren Reise in warmen Gefilden. Nat\u00fcrlich verbringen auch wir m\u00f6glichst viel Zeit im Freien. Aber egal ob Sandsturm in der W\u00fcste Lut, tagelangen St\u00fcrmen in Island oder Dauerregen in gem\u00e4\u00dfigten Gefilden, in solchen Situation sind wir \u00fcber unseren gem\u00fctlichen Lebensraum im Innern froh und w\u00fcrden nicht mehr mit dem Toyo tauschen wollen. Von \"speziellen\" Reisen, wie der aktuellen Winterreise in Nord-Skandinavien gar nicht zu reden. Vielleicht sind wir auch nur zu alt\u2026 \ud83d\ude09<\/p>\n\n\n\n<figure class=\"wp-block-image\"><img loading=\"lazy\" decoding=\"async\" width=\"960\" height=\"540\" src=\"https:\/\/www.ufftour.de\/wp-content\/uploads\/2018\/10\/A02-6.jpg\" alt=\"\" class=\"wp-image-3366\" srcset=\"https:\/\/www.ufftour.de\/wp-content\/uploads\/2018\/10\/A02-6.jpg 960w, https:\/\/www.ufftour.de\/wp-content\/uploads\/2018\/10\/A02-6-300x169.jpg 300w, https:\/\/www.ufftour.de\/wp-content\/uploads\/2018\/10\/A02-6-768x432.jpg 768w\" sizes=\"auto, (max-width: 960px) 100vw, 960px\" \/><figcaption>Auch Reisen im Winter haben ihren Reiz. Aber dabei h\u00e4lt man sich auch viel im Auto auf.<\/figcaption><\/figure>\n\n\n<br clear=all>\r\n<div class=\"post-it-spende\"><u><b>Disclaimer<\/b> \r\n  -  Achtung !!!<\/u><br>Alles was hier steht, ist unsere eigene, ungeschminkte Meinung und kann auch ganz falsch sein. Wir haben weder die Weisheit mit L\u00f6ffeln gefressen - noch glauben wir das. Jeder darf gerne zu ganz anderen \u00dcberzeugungen kommen. Kein Problem. Aber vielleicht findet der ein oder andere hier ja f\u00fcr ihn interessante Punkte oder stolpert \u00fcber Dinge, die er bislang \u00fcbersehen hat.<br><br>\r\nWenn Du der Meinung bist, dass Dich unser Tun hier weitergebracht hat und Du unsere Arbeit und unseren Aufwand honorieren m\u00f6chtest, kannst Du uns gerne virtuell zum Essen einladen. Das geht am einfachsten \u00fcber eine <a href=\"http:\/\/www.paypal.me\/ufftour\" target=\"_blank\">PayPal-Spende<\/a>. Oder mal am Lagerfeuer ein Bier ausgeben. Wenn nicht, dann halt nicht...<\/div><br clear=all><br clear=all>\n\n\n\n<p>&nbsp;<\/p>\n\n\n\n<div class=\"Inhaltsverzeichnis\">\r\n<p><u><strong>Ausbau Fernreisemobil - Inhaltsverzeichnis<\/strong><\/u><\/p>\r\n<a href=\"https:\/\/www.ufftour.de\/?page_id=3349\">Einleitung<\/a><br class=\"clear\" \/>\r\n<a href=\"https:\/\/www.ufftour.de\/?page_id=3360\">Grund\u00fcberlegungen<\/a><br class=\"clear\" \/><br class=\"clear\" \/>\r\n<a href=\"https:\/\/www.ufftour.de\/?page_id=3375\">Basisfahrzeug<\/a><br class=\"clear\" \/>\r\n---------- <a href=\"https:\/\/www.ufftour.de\/?page_id=3552\">Modifikationen am Fahrgestell<\/a><br class=\"clear\" \/>\r\n<br class=\"clear\" \/>\r\n<a href=\"https:\/\/www.ufftour.de\/?page_id=3402\">Die Wohnung - Koffer oder Shelter<\/a><br class=\"clear\" \/>\r\n<a href=\"https:\/\/www.ufftour.de\/?page_id=3417\">Hilfsrahmen \/ Lagerung<\/a><br class=\"clear\" \/>\r\n<br class=\"clear\" \/>\r\n<a href=\"https:\/\/www.ufftour.de\/?page_id=3445\">Energie-Konzept<\/a><br class=\"clear\" \/>\r\n<a href=\"https:\/\/www.ufftour.de\/?page_id=3475\">Strom-Konzept<\/a><br class=\"clear\" \/>\r\n<a href=\"https:\/\/www.ufftour.de\/?page_id=3375\">Einleitung<\/a><br class=\"clear\" \/>\r\n<a href=\"https:\/\/www.ufftour.de\/?page_id=3375\">Einleitung<\/a><br class=\"clear\" \/>\r\n<a href=\"https:\/\/www.ufftour.de\/?page_id=3375\">Einleitung<\/a><br class=\"clear\" \/>\r\n<a href=\"https:\/\/www.ufftour.de\/?page_id=3375\">Einleitung<\/a><br class=\"clear\" \/>\r\n<a href=\"https:\/\/www.ufftour.de\/?page_id=3375\">Einleitung<\/a><br class=\"clear\" \/>\r\n<\/div>\r\n<br clear=all>\n","protected":false},"excerpt":{"rendered":"<p>Ein Reisefahrzeug soll es werden. Zu Beginn stehen nat\u00fcrlich die grunds\u00e4tzlichen \u00dcberlegungen: Wie gro\u00df (Gel\u00e4ndewagen, VW-Bus\/Sprinter, LKW), wie neu, wie teuer. Aber die wichtigste \u00dcberlegung ist: Was will ich denn eigentlich damit machen? Es macht einen gro\u00dfen Unterschied, ob ich ein Fahrzeug plane, mit dem ich monate- oder gar jahrelang dauerhaft reisen m\u00f6chte oder ob <a href=\"https:\/\/www.ufftour.de\/?page_id=3360\" class=\"more-link\">...weiterlesen<span class=\"screen-reader-text\"> \"Ausbau Fernreisemobil &#8211; Grund\u00fcberlegungen\"<\/span><\/a><\/p>\n","protected":false},"author":3,"featured_media":0,"parent":0,"menu_order":0,"comment_status":"closed","ping_status":"closed","template":"","meta":{"footnotes":""},"class_list":["post-3360","page","type-page","status-publish","h-entry","hentry","h-as-page"],"_links":{"self":[{"href":"https:\/\/www.ufftour.de\/index.php?rest_route=\/wp\/v2\/pages\/3360","targetHints":{"allow":["GET"]}}],"collection":[{"href":"https:\/\/www.ufftour.de\/index.php?rest_route=\/wp\/v2\/pages"}],"about":[{"href":"https:\/\/www.ufftour.de\/index.php?rest_route=\/wp\/v2\/types\/page"}],"author":[{"embeddable":true,"href":"https:\/\/www.ufftour.de\/index.php?rest_route=\/wp\/v2\/users\/3"}],"replies":[{"embeddable":true,"href":"https:\/\/www.ufftour.de\/index.php?rest_route=%2Fwp%2Fv2%2Fcomments&post=3360"}],"version-history":[{"count":7,"href":"https:\/\/www.ufftour.de\/index.php?rest_route=\/wp\/v2\/pages\/3360\/revisions"}],"predecessor-version":[{"id":3474,"href":"https:\/\/www.ufftour.de\/index.php?rest_route=\/wp\/v2\/pages\/3360\/revisions\/3474"}],"wp:attachment":[{"href":"https:\/\/www.ufftour.de\/index.php?rest_route=%2Fwp%2Fv2%2Fmedia&parent=3360"}],"curies":[{"name":"wp","href":"https:\/\/api.w.org\/{rel}","templated":true}]}}